divided by 257?
248
Calculate the remainder when 6115 is divided by 419.
249
Calculate the remainder when 7977 is divided by 698.
299
What is the remainder when 1138 is divided by 317?
187
What is the remainder when 231631 is divided by 16?
15
Calculate the remainder when 2912 is divided by 47.
45
Calculate the remainder when 7985 is divided by 498.
17
Calculate the remainder when 874906 is divided by 291630.
16
What is the remainder when 307 is divided by 27?
10
Calculate the remainder when 126121 is divided by 259.
247
Calculate the remainder when 1558 is divided by 455.
193
What is the remainder when 5287 is divided by 585?
22
What is the remainder when 623020 is divided by 585?
580
What is the remainder when 40694 is divided by 15?
14
Calculate the remainder when 3527 is divided by 3519.
8
What is the remainder when 2664 is divided by 178?
172
Calculate the remainder when 67742 is divided by 429.
389
What is the remainder when 110356 is divided by 25?
6
What is the remainder when 1534825 is divided by 118?
117
Calculate the remainder when 2463 is divided by 2414.
49
What is the remainder when 51084 is divided by 206?
202
What is the remainder when 12882 is divided by 358?
352
Calculate the remainder when 7285 is divided by 125.
35
Calculate the remainder when 480221 is divided by 7276.
5
What is the remainder when 632 is divided by 245?
142
Calculate the remainder when 412 is divided by 96.
28
What is the remainder when 124352 is divided by 41448?
8
What is the remainder when 3767 is divided by 1259?
1249
What is the remainder when 7066 is divided by 1583?
734
Calculate the remainder when 132157 is divided by 467.
463
Calculate the remainder when 2183 is divided by 2165.
18
What is the remainder when 1706 is divided by 324?
86
What is the remainder when 72207 is divided by 314?
301
Calculate the remainder when 2024 is divided by 156.
152
Calculate the remainder when 122154 is divided by 7175.
179
What is the remainder when 2714 is divided by 160?
154
What is the remainder when 11144 is divided by 5550?
44
Calculate the remainder when 43996 is divided by 400.
396
What is the remainder when 51552 is divided by 423?
369
Calculate the remainder when 546904 is divided by 324.
316
Calculate the remainder when 11333 is divided by 63.
56
Calculate the remainder when 61054 is divided by 192.
190
What is the remainder when 197770 is divided by 9?
4
What is the remainder when 3566 is divided by 1099?
269
What is the remainder when 135045 is divided by 109?
103
Calculate the remainder when 8348 is divided by 2772.
32
What is the remainder when 65137 is divided by 13020?
37
Calculate the remainder when 814 is divided by 238.
100
What is the remainder when 16337 is divided by 347?
28
Calculate the remainder when 153 is divided by 11.
10
Calculate the remainder when 5121 is divided by 359.
95
What is the remainder when 13549 is divided by 6764?
21
What is the remainder when 1158609 is divided by 14?
11
What is the remainder when 375996 is divided by 31?
28
Calculate the remainder when 2866 is divided by 938.
52
Calculate the remainder when 21738 is divided by 494.
2
What is the remainder when 53044 is divided by 13258?
12
What is the remainder when 23227 is divided by 46?
43
What is the remainder when 382091 is divided by 1261?
8
What is the remainder when 29215 is divided by 2242?
69
Calculate the remainder when 527049 is divided by 15.
9
What is the remainder when 1608956 is divided by 196?
188
What is the remainder when 43761 is divided by 21828?
105
What is the remainder when 3396 is divided by 1089?
129
What is the remainder when 6058 is divided by 92?
78
Calculate the remainder when 20202 is divided by 272.
74
What is the remainder when 695538 is divided by 37?
12
What is the remainder when 1939 is divided by 69?
7
Calculate the remainder when 581283 is divided by 19.
16
Calculate the remainder when 10621 is divided by 280.
261
What is the remainder when 2494 is divided by 403?
76
Calculate the remainder when 174736 is divided by 17.
10
What is the remainder when 1511 is divided by 1448?
63
Calculate the remainder when 20601 is divided by 200.
1
What is the remainder when 405227 is divided by 50?
27
What is the remainder when 433098 is divided by 100?
98
Calculate the remainder when 124840 is divided by 118.
114
What is the remainder when 16817 is divided by 311?
23
Calculate the remainder when 5286 is divided by 4927.
359
Calculate the remainder when 5557 is divided by 103.
98
What is the remainder when 48119 is divided by 12029?
3
What is the remainder when 865124 is divided by 25?
24
Calculate the remainder when 277006 is divided by 952.
926
Calculate the remainder when 128577 is divided by 239.
234
What is the remainder when 35503 is divided by 259?
20
What is the remainder when 996208 is divided by 123?
31
What is the remainder when 9033 is divided by 1421?
507
Calculate the remainder when 14193 is divided by 187.
168
Calculate the remainder when 311 is divided by 29.
21
Calculate the remainder when 2183 is divided by 1021.
141
Calculate the remainder when 44118 is divided by 538.
2
What is the remainder when 538558 is divided by 510?
508
What is the remainder when 17094 is divided by 36?
30
Calculate the remainder when 5194 is divided by 246.
28
What is the remainder when 516 is divided by 174?
168
Calculate the remainder when 3707 is divided by 535.
497
Calculate the remainder when 13732 is divided by 93.
61
What is the remainder when 687 is divided by 444?
243
Calculate the remainder when 580 is divided by 241.
98
Calculate the remainder when 741533 is divided by 61.
17
What is the remainder when 7339 is divided by 3669?
1
What is the remainder when 3548 is divided by 583?
50
What is the remainder when 24417 is divided by 24289?
128
Calculate the remainder when 48562 is divided by 228.
226
What is the remainder when 14082 is divided by 120?
42
What is the remainder when 286820 is divided by 969?
965
Calculate the remainder when 657191 is divided by 12.
11
What is the remainder when 1233 is divided by 304?
17
What is the remainder when 7147687 is divided by 905?
902
Calculate the remainder when 27873 is divided by 5570.
23
Calculate the remainder when 4804 is divided by 150.
4
What is the remainder when 3788 is divided by 13?
5
What is the remainder when 1179 is divided by 90?
9
Calculate the remainder when 11037 is divided by 72.
21
Calculate the remainder when 738 is divided by 544.
194
Calculate the remainder when 753357 is divided by 281.
277
Calculate the remainder when 23494 is divided by 66.
64
What is the remainder when 984526 is divided by 432?
430
Calculate the remainder when 524292 is divided by 25.
17
What is the remainder when 486 is divided by 216?
54
Calculate the remainder when 186384 is divided by 34.
30
What is the remainder when 54495 is divided by 27228?
39
What is the remainder when 3630 is divided by 722?
20
What is the remainder when 386 is divided by 344?
42
Calculate the remainder when 27382 is divided by 167.
161
What is the remainder when 575 is divided by 153?
116
Calculate the remainder when 27002 is divided by 1496.
74
What is the remainder when 4597 is divided by 18?
7
Calculate the remainder when 518777 is divided by 89.
85
Calculate the remainder when 3966 is divided by 37.
7
Calculate the remainder when 1941 is divided by 11.
5
Calculate the remainder when 8346 is divided by 2691.
273
Calculate the remainder when 38317 is divided by 353.
193
What is the remainder when 9453 is divided by 602?
423
Calculate the remainder when 1178 is divided by 42.
2
What is the remainder when 117920 is divided by 634?
630
What is the remainder when 3137 is divided by 629?
621
What is the remainder when 61824 is divided by 533?
529
What is the remainder when 10311 is divided by 10283?
28
Calculate the remainder when 45340 is divided by 15101.
37
Calculate the remainder when 244855 is divided by 55.
50
Calculate the remainder when 110579 is divided by 170.
79
Calculate the remainder when 3344 is divided by 353.
167
What is the remainder when 20580 is divided by 5138?
28
Calculate the remainder when 15699 is divided by 100.
99
Calculate the remainder when 1409 is divided by 240.
209
What is the remainder when 797425 is divi